{"id":311,"date":"2026-01-19T02:49:16","date_gmt":"2026-01-19T02:49:16","guid":{"rendered":"https:\/\/newshop.mtemp.site\/?page_id=311"},"modified":"2026-05-03T23:45:16","modified_gmt":"2026-05-03T23:45:16","slug":"a-propos-de-nous","status":"publish","type":"page","link":"https:\/\/newshop.mtemp.site\/a-propos-de-nous\/","title":{"rendered":"\u00c0 Propos de Nous"},"content":{"rendered":"\n<div class=\"wp-block-m-column-section-megastrap m-column-section-edit row g-0 mt-0 mb-5 has-indent-m\" id=\"about\">\n<div class=\"wp-block-m-column-section-half-megastrap m-column-section-half col-lg-6 text-unset half-section-348dad1f-06ed-45dc-adc3-19a3365c4712\"><div class=\"m-container-section-half h-100 d-flex flex-column justify-content-center pt-5 pb-5 pe-xl-5 has-indent-p m-container-half\">\n<h2 class=\"wp-block-heading h1 mb-4 lh-1 mt-5\"><mark style=\"background-color:rgba(0, 0, 0, 0)\" class=\"has-inline-color has-primary-color\">BKDT<\/mark> : L\u2019Art de Transformer l\u2019Instant en H\u00e9ritage<\/h2>\n\n\n\n<p style=\"font-size:1.1rem\" class=\"mb-2 m-max-width-500 h5\">De la rigueur des grands congr\u00e8s \u00e0 l\u2019intimit\u00e9 des v\u0153ux sacr\u00e9s, nous b\u00e2tissons des exp\u00e9riences qui d\u00e9fient le temps.<\/p>\n\n\n\n<p class=\"mb-2 m-max-width-500\">Bas\u00e9e en France et rayonnant \u00e0 l\u2019international, <strong><mark style=\"background-color:rgba(0, 0, 0, 0)\" class=\"has-inline-color has-primary-color\">BKDT<\/mark> <\/strong>est n\u00e9e d\u2019une conviction simple : chaque \u00e9v\u00e9nement est une histoire qui m\u00e9rite d\u2019\u00eatre racont\u00e9e avec perfection. Nous ne nous contentons pas d\u2019organiser ; nous architecturons des moments de vie et des carrefours d\u2019affaires o\u00f9 chaque d\u00e9tail est une preuve d&rsquo;excellence.<\/p>\n\n\n\n<p><strong>Une Expertise Plurielle, une Passion Unique <\/strong><\/p>\n\n\n\n<p>L&rsquo;ADN de <strong><mark style=\"background-color:rgba(0, 0, 0, 0)\" class=\"has-inline-color has-primary-color\">BKDT <\/mark><\/strong>repose sur une dualit\u00e9 rare : la pr\u00e9cision chirurgicale n\u00e9cessaire \u00e0 la gestion logistique de salons et congr\u00e8s d\u2019envergure, et la sensibilit\u00e9 \u00e9motionnelle indispensable \u00e0 la cr\u00e9ation de mariages d\u2019exception. Que nous soyons au service de leaders d\u2019industrie ou de futurs mari\u00e9s, notre engagement reste le m\u00eame : une discr\u00e9tion absolue, une cr\u00e9ativit\u00e9 sans limite et une efficacit\u00e9 redoutable. Nous intervenons dans tous les domaines civils et commerciaux pour faciliter la r\u00e9ussite de vos ambitions.<\/p>\n<\/div><\/div>\n\n\n\n<div class=\"wp-block-m-column-section-half-megastrap m-column-section-half col-lg-6 text-unset half-section-6e22ff57-72fc-4401-a329-17a748b87153\" style=\"background:url('http:\/\/newshop.mtemp.site\/wp-content\/uploads\/2026\/05\/dali-bek-BQdYlT-LkJQ-unsplash.jpg') 18% 26% \/ cover no-repeat scroll\"><div class=\"m-container-section-half h-100 pt-5 pb-5 has-indent-p m-container-half\"><\/div><style>\n.half-section-6e22ff57-72fc-4401-a329-17a748b87153 { min-height: 25rem; }  \n@media (min-width: 992px) { .half-section-6e22ff57-72fc-4401-a329-17a748b87153 { min-height: 35rem; } } \n<\/style><\/div>\n<\/div>\n\n\n\n<div class=\"wp-block-m-column-section-megastrap m-column-section-edit row g-0 mt-0 mb-5 has-indent-m\" id=\"about\">\n<div class=\"wp-block-m-column-section-half-megastrap m-column-section-half col-lg-6 text-unset half-section-d8a9dc8c-ce80-49a9-b216-0918ec699c68\" style=\"background:url('http:\/\/newshop.mtemp.site\/wp-content\/uploads\/2026\/05\/adhitya-sibikumar-vRoUv87Uvyk-unsplash.jpg') 18% 26% \/ cover no-repeat scroll\"><div class=\"m-container-section-half h-100 pt-5 pb-5 has-indent-p m-container-half\"><\/div><style>\n.half-section-d8a9dc8c-ce80-49a9-b216-0918ec699c68 { min-height: 25rem; }  \n@media (min-width: 992px) { .half-section-d8a9dc8c-ce80-49a9-b216-0918ec699c68 { min-height: 35rem; } } \n<\/style><\/div>\n\n\n\n<div class=\"wp-block-m-column-section-half-megastrap m-column-section-half col-lg-6 text-unset half-section-3beb6c02-f0ae-42d9-9541-22beb65f262d\"><div class=\"m-container-section-half h-100 d-flex flex-column justify-content-center pt-5 pb-5 ps-xl-5 has-indent-p m-container-half\">\n<p class=\"has-text-align-left has-primary-color has-text-color has-link-color h4 mb-4 wp-elements-0d7f64bb7a8ca33018ac4eb7d62b4a2f\">Activit\u00e9s Globales<\/p>\n\n\n\n<p class=\"mb-4 m-max-width-500 h3\">Un Partenaire de Croissance International <\/p>\n\n\n\n<p style=\"font-size:1.1rem;font-style:normal;font-weight:400\" class=\"mb-4 m-max-width-500 lh-base\"><strong><mark style=\"background-color:rgba(0, 0, 0, 0)\" class=\"has-inline-color has-primary-color\">BKDT <\/mark><\/strong>n&rsquo;est pas seulement une agence de planification ; c&rsquo;est un acteur global de l&rsquo;\u00e9v\u00e9nementiel. Notre objet social nous permet de naviguer entre le conseil en communication, la cr\u00e9ation de contenu \u00e9ditorial inspirant et la gestion de transactions immobili\u00e8res ou commerciales li\u00e9es \u00e0 nos projets. Cette vision \u00e0 360 degr\u00e9s nous permet d&rsquo;offrir des solutions cl\u00e9s en main qui int\u00e8grent logistique, strat\u00e9gie et \u00e9motion dans un ensemble coh\u00e9rent et prestigieux.<\/p>\n<\/div><\/div>\n<\/div>\n\n\n\n<div class=\"wp-block-m-basic-section-megastrap m-basic-section d-unset text-unset\" id=\"advantages\"><div class=\"m-basic-section-container pt-5 pb-5 has-indent-p container\">\n<h2 class=\"wp-block-heading has-text-align-center has-dark-color has-text-color has-link-color mt-3 h2 mb-5 m-max-width-800 me-auto ms-auto lh-1 wp-elements-949671f155ff4741e8309f9702980bc9\">Nos Valeurs<\/h2>\n\n\n\n<div class=\"wp-block-m-bootstrap-row-megastrap m-row row row-cols-1 row-cols-md-2 row-cols-xl-4 align-items-unset justify-content-unset gx-3 gy-3\">\n<div class=\"wp-block-m-bootstrap-column-megastrap m-col col order-unset d-unset text-unset col-266838fb-90aa-43fa-a869-6f553ca62f6a\"><div class=\"col-content p-3 has-indent-p shadow\" style=\"background-color:#ffffff\">\n<p class=\"has-primary-color has-text-color has-link-color has-x-large-font-size wp-elements-3109f271a55204e4fde9eb3df5b17421\"><i class=\"bi bi-globe-europe-africa\"><\/i><\/p>\n\n\n\n<h3 class=\"wp-block-heading has-dark-color has-text-color has-link-color h4 mb-3 wp-elements-db36a02ba8bd9eff658234767652212c\" style=\"font-style:normal;font-weight:500\">L\u2019Excellence sans Fronti\u00e8res<\/h3>\n\n\n\n<p class=\"mb-2 small\">Nous d\u00e9ployons notre savoir-faire en France et \u00e0 l&rsquo;\u00e9tranger, ma\u00eetrisant les enjeux logistiques mondiaux pour que votre vision ne connaisse aucune limite g\u00e9ographique.<\/p>\n<\/div><\/div>\n\n\n\n<div class=\"wp-block-m-bootstrap-column-megastrap m-col col order-unset d-unset text-unset col-ee4d66eb-c911-4f70-98dd-f733b4f855e3\"><div class=\"col-content p-3 has-indent-p shadow\" style=\"background-color:#ffffff\">\n<p class=\"has-primary-color has-text-color has-link-color has-x-large-font-size wp-elements-c00c10c7d322afe42d93963bc4b84bee\"><i class=\"bi bi-mic\"><\/i><\/p>\n\n\n\n<h3 class=\"wp-block-heading has-dark-color has-text-color has-link-color h4 mb-3 wp-elements-c247a847ab926ba448171189f8d75de1\" style=\"font-style:normal;font-weight:500\">La Justesse des Mots<\/h3>\n\n\n\n<p class=\"mb-2 small\">\u00c0 travers nos services d&rsquo;officiant, nous donnons une voix \u00e0 vos engagements avec une \u00e9l\u00e9gance et une bienveillance qui respectent profond\u00e9ment l\u2019\u00e2me de votre histoire.<\/p>\n<\/div><\/div>\n\n\n\n<div class=\"wp-block-m-bootstrap-column-megastrap m-col col order-unset d-unset text-unset col-f749ef5c-d927-4d0b-b039-c1d2e1377594\"><div class=\"col-content p-3 has-indent-p shadow\" style=\"background-color:#ffffff\">\n<p class=\"has-primary-color has-text-color has-link-color has-x-large-font-size wp-elements-19c159318e47eb5c25ec65e51ac7bf98\"><i class=\"bi bi-mortarboard\"><\/i><\/p>\n\n\n\n<h3 class=\"wp-block-heading has-dark-color has-text-color has-link-color h4 mb-3 wp-elements-ce0aaba6470605500e1861ab77949a5e\" style=\"font-style:normal;font-weight:500\">La Transmission<\/h3>\n\n\n\n<p class=\"mb-2 small\">Parce que l&rsquo;\u00e9v\u00e9nementiel est un m\u00e9tier de passion, nous accompagnons les professionnels et les particuliers via du coaching et du conseil strat\u00e9gique pour \u00e9lever les standards du secteur.<\/p>\n<\/div><\/div>\n\n\n\n<div class=\"wp-block-m-bootstrap-column-megastrap m-col col order-unset d-unset text-unset col-978ac084-cd55-4b78-b0d1-bc95956d3756\"><div class=\"col-content p-3 has-indent-p shadow\" style=\"background-color:#ffffff\">\n<p class=\"has-primary-color has-text-color has-link-color has-x-large-font-size wp-elements-37c70eb9f64b18b200a8e8d2fb4a4cab\"><i class=\"bi bi-shield-check\"><\/i><\/p>\n\n\n\n<h3 class=\"wp-block-heading has-dark-color has-text-color has-link-color h4 mb-3 wp-elements-1eb148d159df02ed66efc9a778a2a0ec\" style=\"font-style:normal;font-weight:500\">L&rsquo;Engagement Total<\/h3>\n\n\n\n<p class=\"mb-2 small\">De la premi\u00e8re esquisse budg\u00e9taire \u00e0 la coordination millim\u00e9tr\u00e9e du jour J, nous sommes votre partenaire de confiance, garant d&rsquo;une s\u00e9r\u00e9nit\u00e9 totale.<\/p>\n<\/div><\/div>\n<\/div>\n<\/div><\/div>\n\n\n\n<div class=\"wp-block-m-basic-section-megastrap m-basic-section d-unset text-unset\"><div class=\"m-basic-section-container pt-5 pb-5 has-indent-p container\">\n<iframe src=\"https:\/\/www.google.com\/maps\/embed?pb=!1m18!1m12!1m3!1d2887.511622278469!2d1.4352355529494314!3d43.637522779174226!2m3!1f0!2f0!3f0!3m2!1i1024!2i768!4f13.1!3m3!1m2!1s0x12aea4a890b85a8d%3A0x478b597439248070!2s9-3%20Rue%20Ars%C3%A8ne%20d&#39;Arsonval%2C%2031200%20Toulouse%2C%20France!5e0!3m2!1sen!2sch!4v1777849141083!5m2!1sen!2sch\" width=\"100%\" height=\"450\" style=\"border:0;\" allowfullscreen=\"\" loading=\"lazy\" referrerpolicy=\"no-referrer-when-downgrade\"><\/iframe>\n<\/div><\/div>\n","protected":false},"excerpt":{"rendered":"","protected":false},"author":1,"featured_media":0,"parent":0,"menu_order":20,"comment_status":"closed","ping_status":"closed","template":"template-builder.php","meta":{"inline_featured_image":false,"footnotes":""},"class_list":["post-311","page","type-page","status-publish","hentry"],"_links":{"self":[{"href":"https:\/\/newshop.mtemp.site\/wp-json\/wp\/v2\/pages\/311","targetHints":{"allow":["GET"]}}],"collection":[{"href":"https:\/\/newshop.mtemp.site\/wp-json\/wp\/v2\/pages"}],"about":[{"href":"https:\/\/newshop.mtemp.site\/wp-json\/wp\/v2\/types\/page"}],"author":[{"embeddable":true,"href":"https:\/\/newshop.mtemp.site\/wp-json\/wp\/v2\/users\/1"}],"replies":[{"embeddable":true,"href":"https:\/\/newshop.mtemp.site\/wp-json\/wp\/v2\/comments?post=311"}],"version-history":[{"count":7,"href":"https:\/\/newshop.mtemp.site\/wp-json\/wp\/v2\/pages\/311\/revisions"}],"predecessor-version":[{"id":548,"href":"https:\/\/newshop.mtemp.site\/wp-json\/wp\/v2\/pages\/311\/revisions\/548"}],"wp:attachment":[{"href":"https:\/\/newshop.mtemp.site\/wp-json\/wp\/v2\/media?parent=311"}],"curies":[{"name":"wp","href":"https:\/\/api.w.org\/{rel}","templated":true}]}}